{"id":189,"date":"2021-10-24T15:24:18","date_gmt":"2021-10-24T15:24:18","guid":{"rendered":"https:\/\/festivaldelcentrohistorico.com\/24fch\/?post_type=dia8&#038;p=189"},"modified":"2021-10-28T20:48:45","modified_gmt":"2021-10-28T20:48:45","slug":"un-cafe-a-la-orilla-de-la-calle-del-carmen-por-jose-del-cid-y-miguel-alvarez-cronista-de-la-ciudad","status":"publish","type":"dia8","link":"https:\/\/festivaldelcentrohistorico.com\/24fch\/dia8\/un-cafe-a-la-orilla-de-la-calle-del-carmen-por-jose-del-cid-y-miguel-alvarez-cronista-de-la-ciudad\/","title":{"rendered":"Un Caf\u00e9 a la Orilla de la Calle del Carmen, Por Jos\u00e9 del Cid y Miguel \u00c1lvarez (Cronista de la Ciudad)"},"content":{"rendered":"","protected":false},"excerpt":{"rendered":"","protected":false},"author":2,"featured_media":0,"template":"","format":"standard","meta":[],"categories":[],"class_list":["post-189","dia8","type-dia8","status-publish","format-standard","hentry"],"acf":[],"_links":{"self":[{"href":"https:\/\/festivaldelcentrohistorico.com\/24fch\/wp-json\/wp\/v2\/dia8\/189","targetHints":{"allow":["GET"]}}],"collection":[{"href":"https:\/\/festivaldelcentrohistorico.com\/24fch\/wp-json\/wp\/v2\/dia8"}],"about":[{"href":"https:\/\/festivaldelcentrohistorico.com\/24fch\/wp-json\/wp\/v2\/types\/dia8"}],"author":[{"embeddable":true,"href":"https:\/\/festivaldelcentrohistorico.com\/24fch\/wp-json\/wp\/v2\/users\/2"}],"wp:attachment":[{"href":"https:\/\/festivaldelcentrohistorico.com\/24fch\/wp-json\/wp\/v2\/media?parent=189"}],"wp:term":[{"taxonomy":"category","embeddable":true,"href":"https:\/\/festivaldelcentrohistorico.com\/24fch\/wp-json\/wp\/v2\/categories?post=189"}],"curies":[{"name":"wp","href":"https:\/\/api.w.org\/{rel}","templated":true}]}}

Un Café a la Orilla de la Calle del Carmen, Por José del Cid y Miguel Álvarez (Cronista de la Ciudad)
