{"id":178,"date":"2021-10-24T14:32:54","date_gmt":"2021-10-24T14:32:54","guid":{"rendered":"https:\/\/festivaldelcentrohistorico.com\/24fch\/?post_type=dia6&#038;p=178"},"modified":"2021-10-24T14:32:54","modified_gmt":"2021-10-24T14:32:54","slug":"presentacion-el-memorial-de-solola-por-angel-elias-periodista-cultural","status":"publish","type":"dia6","link":"https:\/\/festivaldelcentrohistorico.com\/24fch\/dia6\/presentacion-el-memorial-de-solola-por-angel-elias-periodista-cultural\/","title":{"rendered":"Presentaci\u00f3n &#8220;El Memorial de Solol\u00e1&#8221;, Por \u00c1ngel El\u00edas (Periodista Cultural)"},"content":{"rendered":"","protected":false},"excerpt":{"rendered":"","protected":false},"author":2,"featured_media":0,"template":"","format":"standard","meta":[],"categories":[],"class_list":["post-178","dia6","type-dia6","status-publish","format-standard","hentry"],"acf":[],"_links":{"self":[{"href":"https:\/\/festivaldelcentrohistorico.com\/24fch\/wp-json\/wp\/v2\/dia6\/178","targetHints":{"allow":["GET"]}}],"collection":[{"href":"https:\/\/festivaldelcentrohistorico.com\/24fch\/wp-json\/wp\/v2\/dia6"}],"about":[{"href":"https:\/\/festivaldelcentrohistorico.com\/24fch\/wp-json\/wp\/v2\/types\/dia6"}],"author":[{"embeddable":true,"href":"https:\/\/festivaldelcentrohistorico.com\/24fch\/wp-json\/wp\/v2\/users\/2"}],"wp:attachment":[{"href":"https:\/\/festivaldelcentrohistorico.com\/24fch\/wp-json\/wp\/v2\/media?parent=178"}],"wp:term":[{"taxonomy":"category","embeddable":true,"href":"https:\/\/festivaldelcentrohistorico.com\/24fch\/wp-json\/wp\/v2\/categories?post=178"}],"curies":[{"name":"wp","href":"https:\/\/api.w.org\/{rel}","templated":true}]}}

Presentación &#8220;El Memorial de Sololá&#8221;, Por Ángel Elías (Periodista Cultural)
